{"id":33,"date":"2020-10-01T10:44:44","date_gmt":"2020-10-01T15:44:44","guid":{"rendered":"https:\/\/fasecolombia.com\/?page_id=33"},"modified":"2022-11-17T15:58:37","modified_gmt":"2022-11-17T20:58:37","slug":"como-comprar-en-fasse","status":"publish","type":"page","link":"https:\/\/fasecolombia.com\/index.php\/como-comprar-en-fasse\/","title":{"rendered":"Como comprar en FASE"},"content":{"rendered":"\n<p class=\"has-medium-font-size\">Ve a la tienda, busca y selecciona los productos que deseas incluir en tu pedido.<br><img decoding=\"async\" class=\"wp-image-4043\" style=\"width: 1000px;\" src=\"http:\/\/fasecolombia.com\/wp-content\/uploads\/Ayuda_1.jpg\" alt=\"\"><\/p> \n<p class=\"has-medium-font-size\">Si el producto tiene alguna caracter\u00edstica como por ejemplo el color, primero selecciona la caracter\u00edstica.<br><img decoding=\"async\" class=\"wp-image-4039\" style=\"width: 1000px;\" src=\"http:\/\/fasecolombia.com\/wp-content\/uploads\/Ayuda_2.jpg\" alt=\"\"><\/p>\n<p class=\"has-medium-font-size\">Selecciona la cantidad que deseas adquirir. Ten en cuenta que nuestros productos tienen 1, 2 o 3 precios, dependiendo de la cantidad adquirida. A mayor cantidad, el precio baja y aumenta tu ahorro.<br><img decoding=\"async\" class=\"wp-image-4040\" style=\"width: 1000px;\" src=\"http:\/\/fasecolombia.com\/wp-content\/uploads\/Ayuda_3.jpg\" alt=\"\"><\/p>\n<p class=\"has-medium-font-size\">Puedes revisar tu carrito de compras en cualquier momento. Aqu\u00ed puedes observar el detalle de tu pedido junto con los descuentos por volumen.<br><img decoding=\"async\" class=\"wp-image-4041\" style=\"width: 1000px;\" src=\"http:\/\/fasecolombia.com\/wp-content\/uploads\/Ayuda_4.jpg\" alt=\"\"><\/p>\n\n\n\n<br>\n<p class=\"has-large-font-size\"><strong>Entrega \/ Env\u00edo<\/strong><\/p>\n\n<p class=\"has-medium-font-size\">La entrega de los pedidos se realizar\u00e1 en la modalidad contra entrega por intermedio de SERVIENTREGA o INTERRAPIDISIMO. Este concepto hace referencia a que el destinatario asume el costo del env\u00edo y lo paga cuando recibe el pedido.<\/p>\n<p class=\"has-medium-font-size\">Recuerda que siempre tienes la opci\u00f3n de recoger tu pedido en nuestra tienda.<\/p>\n<br>\n<p class=\"has-large-font-size\">Pago<\/p>\n<p class=\"has-medium-font-size\">El pago de tus pedidos se hace por intermedio de la plataforma <a href=\"..\/wompi\">Wompi<\/a>. Ahora tambi\u00e9n puedes hacer tus pagos por <strong>NEQUI<\/strong> o <strong>DAVIPLATA<\/strong> sin costo al n\u00famero<strong><span class=\"has-inline-color has-vivid-red-color\"> 316 436 9029<\/span><\/strong><\/p>\n<br>\n<p class=\"has-text-color has-medium-font-size has-vivid-red-color\"><strong>NOTA: Todos los despachos est\u00e1n sujetos a las normas y restricciones establecidas por el gobierno y la Alcald\u00eda de Bogot\u00e1 a ra\u00edz de las medidas tomadas por el COVID-19.<\/strong><\/p>\n","protected":false},"excerpt":{"rendered":"<p>Ve a la tienda, busca y selecciona los productos que deseas incluir en tu pedido. Si el producto tiene alguna&#8230;<\/p>\n","protected":false},"author":1,"featured_media":0,"parent":0,"menu_order":0,"comment_status":"closed","ping_status":"closed","template":"","meta":{"footnotes":""},"class_list":["post-33","page","type-page","status-publish","hentry"],"_links":{"self":[{"href":"https:\/\/fasecolombia.com\/index.php\/wp-json\/wp\/v2\/pages\/33","targetHints":{"allow":["GET"]}}],"collection":[{"href":"https:\/\/fasecolombia.com\/index.php\/wp-json\/wp\/v2\/pages"}],"about":[{"href":"https:\/\/fasecolombia.com\/index.php\/wp-json\/wp\/v2\/types\/page"}],"author":[{"embeddable":true,"href":"https:\/\/fasecolombia.com\/index.php\/wp-json\/wp\/v2\/users\/1"}],"replies":[{"embeddable":true,"href":"https:\/\/fasecolombia.com\/index.php\/wp-json\/wp\/v2\/comments?post=33"}],"version-history":[{"count":12,"href":"https:\/\/fasecolombia.com\/index.php\/wp-json\/wp\/v2\/pages\/33\/revisions"}],"predecessor-version":[{"id":16808,"href":"https:\/\/fasecolombia.com\/index.php\/wp-json\/wp\/v2\/pages\/33\/revisions\/16808"}],"wp:attachment":[{"href":"https:\/\/fasecolombia.com\/index.php\/wp-json\/wp\/v2\/media?parent=33"}],"curies":[{"name":"wp","href":"https:\/\/api.w.org\/{rel}","templated":true}]}}